 (base 5) in base 12?
24273
What is -6993 (base 10) in base 7?
-26250
Convert -426d (base 14) to base 15.
-35e5
What is 1011001001 (base 2) in base 5?
10323
-44022 (base 5) to base 15
-d5c
What is -110000001001 (base 2) in base 12?
-1949
Convert -732 (base 12) to base 5.
-13141
Convert -3345 (base 11) to base 13.
-200b
Convert 365 (base 7) to base 12.
142
Convert -815 (base 9) to base 12.
-472
2220002 (base 3) to base 14
aa8
What is -19dc (base 16) in base 10?
-6620
Convert 515 (base 13) to base 8.
1537
101011100111110 (base 2) to base 8
53476
What is -10000000110 (base 2) in base 12?
-71a
Convert -315 (base 11) to base 10.
-379
121324 (base 5) to base 2
1000111101101
What is 31dc (base 14) in base 6?
103530
What is -12b18 (base 12) in base 15?
-799b
What is 12060 (base 7) in base 13?
1569
Convert -122120101 (base 3) to base 7.
-52225
1351 (base 14) to base 5
102103
What is -102 (base 9) in base 15?
-58
Convert -404a (base 15) to base 10.
-13570
Convert -5040 (base 10) to base 16.
-13b0
What is 3b2 (base 13) in base 7?
1621
561 (base 9) to base 12
324
What is -17199 (base 12) in base 9?
-50350
Convert -15eb (base 16) to base 8.
-12753
What is -11952 (base 10) in base 14?
-44da
Convert 522 (base 9) to base 2.
110101001
1218 (base 11) to base 15
712
What is 5662 (base 8) in base 4?
232302
What is 11b31 (base 12) in base 6?
303301
What is -362 (base 13) in base 14?
-2dd
What is 22024 (base 6) in base 11?
2314
What is 4113 (base 8) in base 5?
31443
-1922 (base 13) to base 14
-1518
-7188 (base 9) to base 13
-251c
What is -11101011 (base 3) in base 16?
-c76
-12 (base 16) to base 14
-14
What is 22100212 (base 3) in base 6?
44122
What is -4566 (base 9) in base 3?
-11122020
-1bba (base 15) to base 10
-6025
-13133 (base 4) to base 14
-263
-30c1 (base 15) to base 2
-10100001000010
Convert 1445 (base 6) to base 4.
12011
Convert 530 (base 8) to base 14.
1a8
Convert -10000 (base 3) to base 9.
-100
Convert ba (base 13) to base 11.
12a
10010101010111 (base 2) to base 13
4474
6a0 (base 13) to base 10
1144
-3450 (base 7) to base 8
-2354
What is -1bbd (base 14) in base 9?
-6850
What is 1b3 (base 14) in base 10?
353
What is a5a1 (base 12) in base 9?
26764
What is -1b13a (base 13) in base 8?
-147322
34 (base 6) to base 9
24
-144c (base 14) to base 4
-320030
Convert -5a8 (base 14) to base 5.
-14003
What is -5221 (base 8) in base 15?
-c05
What is 2a3 (base 11) in base 6?
1351
-384 (base 9) to base 14
-18b
Convert 301 (base 11) to base 13.
220
-616 (base 16) to base 10
-1558
Convert -12245 (base 7) to base 11.
-2466
-10000000000 (base 2) to base 10
-1024
What is 118a (base 12) in base 3?
2201021
Convert 360b (base 15) to base 16.
2cde
Convert -2202110 (base 3) to base 15.
-8e0
What is -2515 (base 7) in base 16?
-3af
What is 3813 (base 10) in base 11?
2957
What is -289c9 (base 13) in base 15?
-17974
Convert 1250 (base 9) to base 5.
12221
Convert -1663 (base 12) to base 10.
-2667
309a (base 13) to base 14
263c
What is -2959 (base 10) in base 11?
-2250
1878 (base 9) to base 6
10412
-514 (base 7) to base 4
-10000
Convert -3104414 (base 5) to base 9.
-76372
What is -303 (base 13) in base 12?
-366
What is ed (base 15) in base 5?
1343
What is -557 (base 10) in base 3?
-202122
-211200 (base 3) to base 2
-1001100100
What is 539b (base 14) in base 6?
150513
Convert -46c (base 15) to base 3.
-1101010
Convert 5030 (base 9) to base 3.
12001000
What is -66245 (base 7) in base 16?
-40d3
What is -7574 (base 9) in base 15?
-19ba
What is 14756 (base 13) in base 14?
100d5
-278a1 (base 11) to base 10
-39678
402024 (base 7) to base 15
151dc
What is -1323443 (base 5) in base 13?
-c237
What is -24230 (base 6) in base 4?
-313122
4251 (base 8) to base 13
1017
-1047 (base 11) to base 8
-2546
559 (base 12) to base 10
789
Convert 1513 (base 9) to base 15.
516
What is -12103 (base 4) in base 16?
-193
496 (base 10) to base 16
1f0
5a0 (base 12) to base 15
3b0
What is -20032 (base 4) in base 15?
-251
-130322 (base 4) to base 12
-10a2
Convert -11b (base 15) to base 16.
-fb
Convert 543 (base 14) to base 3.
1102111
-11622 (base 15) to base 3
-2210222012
115515 (base 7) to base 13
9843
What is -92e8 (base 15) in base 9?
-46522
Convert 20130 (base 4) to base 6.
2300
What is 123510 (base 6) in base 8?
25702
20120110 (base 3) to base 12
2933
-1a9 (base 12) to base 8
-421
Convert -10000110001 (base 2) to base 13.
-647
What is -101000010 (base 2) in base 6?
-1254
Convert 11331 (base 4) to base 13.
234
Convert 132034 (base 5) to base 10.
5269
-42123 (base 5) to base 13
-1366
Convert -64 (base 14) to base 15.
-5d
Convert -124233 (base 6) to base 15.
-3550
Convert 66217 (base 8) to base 4.
12302033
What is 32819 (base 10) in base 12?
16bab
Convert 10011011100 (base 2) to base 13.
749
Convert 130000 (base 4) to base 13.
a7b
What is 5605 (base 12) in base 11?
7165
What is -321 (base 8) in base 7?
-416
Convert 215 (base 11) to base 13.
16b
What is -2304 (base 8) in base 4?
-103010
What is -170cc (base 13) in base 11?
-30159
2032324 (base 5) to base 7
166364
Convert b57 (base 12) to base 5.
23101
112403 (base 8) to base 14
dc8b
Convert 1424 (base 10) to base 9.
1852
What is 2013102 (base 4) in base 12?
5016
2232 (base 4) to base 12
126
What is 3025 (base 13) in base 5?
202442
What is 1901 (base 11) in base 14?
c4d
Convert 171 (base 8) to base 12.
a1
-21012201 (base 3) to base 10
-5257
1db (base 16) to base 6
2111
Convert -78 (base 9) to base 3.
-2122
-4421 (base 5) to base 16
-263
What is 78a (base 12) in base 11?
923
Convert 11 (base 16) to base 13.
14
-62a4 (base 12) to base 8
-25034
-d7 (base 14) to base 13
-117
23434 (base 5) to base 4
123100
What is 110101111111 (base 2) in base 16?
d7f
What is 22100120 (base 3) in base 7?
23520
-12242 (base 5) to base 9
-1262
-73 (base 16) to base 12
-97
-621 (base 13) to base 8
-2021
-455 (base 10) to base 8
-707
What is 6412 (base 8) in base 15?
ec8
Convert -297 (base 14) to base 7.
-1350
Convert 123645 (base 7) to base 8.
54665
What is 100101001011 (base 2) in base 15?
a89
Convert 1450c (base 13) to base 8.
112476
What is 11100110010101 (base 2) in base 14?
552d
What is -194 (base 13) in base 4?
-10202
Convert 23121300 (base 4) to base 5.
2443304
What is 34204 (base 8) in base 15?
4448
Convert 454 (base 13) to base 15.
34a
Convert 27589 (base 12) to base 7.
314403
Convert -1155 (base 7) to base 14.
-22c
What is 12c53 (base 13) in base 2?
1000100011101011
Convert -511445 (base 6) to base 15.
-c045
Convert -13234 (base 7) to base 6.
-24241
-249 (base 13) to base 15
-1b9
1120 (base 4) to base 14
64
-10100001110001 (base 2) to base 11
-7862
-11100010000 (base 2) to base 13
-a91
4415 (base 10) to base 6
32235
Convert -f57 (base 16) to base 15.
-126c
Convert -332055 (base 6) to base 13.
-c7a6
Convert -3b3 (base 15) to base 6.
-3523
1202000 (base 6) to base 5
4001030
What is -19150 (base 10) in base 15?
-5a1a
What is -165 (base 11) in base 2?
-11000000
What is 15350 (base 6) in base 12?
1556
What is 1214 (base 8) in base 14?
348
4132 (base 5) to base 4
20132
Convert b61 (base 14) to base 16.
8c1
What is 23605 (base 9) in base 3?
210200012
Convert 7933 (base 14) to base 15.
6362
Convert 5533 (base 8) to base 16.
b5b
What is -3b (base 15) in base 9?
-62
What is -1896a (base 11) in base 14?
-98d8
Convert 4361 (base 7) to base 13.
932
Convert -146d (base 16) to base 5.
-131404
-244335 (base 6) to base 16
-54e3
What is -2731 (base 16) in base 9?
-14677
What is 16a22 (base 15) in base 16?
11dc5
12250 (base 6) to base 14
94a
662 (base 14) to base 4
103232
Convert 57a2 (base 11) to base 15.
23c9
-20442 (base 5) to base 11
-1038
What is 5350 (base 6) in base 5?
14333
-885 (base 9) to base 8
-1325
-13310 (base 4) to base 10
-500
What is -7a5 (base 11) in base 13?
-590
-4011 (base 7) to base 9
-1803
Convert 7a78 (base 12) to base 15.
4088
Convert -275 (base 12) to base 9.
-458
What is 61 (base 11) in base 3?
2111
Convert -55024 (base 6) to base 2.
-1110110011000
-341134 (base 6) to base 7
-146632
121 (base 8) to base 6
213
9407 (base 10) to base 4
2102333
What is -16064 (base 7) in base 14?
-18db
740 (base 8) to base 12
340
231 (base 8) to base 12
109
220 (base 15) to base 3
122210
Convert 16051 (base 11) to base 9.
34103
-2011221 (base 4) to base 16
-2169
What is -1488 (base 10) in b